What is the tens digit of m(-9)?
8
Let z = 3222 - 2815. What is the tens digit of z?
0
Let x(a) = -a**2 + 2*a + 2. Let k be x(0). Suppose -k*m + 582 = 4*c - 8*c, 0 = -3*m + 3*c + 867. What is the tens digit of m?
8
Suppose 0 = 5*t - 3*r + 370 - 2178, 1079 = 3*t + 4*r. What is the tens digit of t?
6
Suppose 315367 + 12449 = 18*y. What is the hundreds digit of y?
2
Let k(b) = -b**3 + 0*b**3 - 23 + 32*b - 24*b**2 - 146*b + 39*b. What is the hundreds digit of k(-21)?
2
What is the thousands digit of (29758 - (17 + -17)) + -14?
9
Let b(c) = c**3 - 7*c**2 + 16*c - 1. Let o = 118 - 179. Let h = 69 + o. What is the units digit of b(h)?
1
Let t be (2/6)/((-3)/(-27)). Suppose t*m + 769 = 2*s, 5*s - 3*m = 4*s + 377. What is the tens digit of s?
9
Suppose -10 = -5*l - 0. Suppose -l*f + 738 = 4*f. What is the units digit of f?
3
Suppose -6*x - f + 247 = -10*x, 3*x - f + 186 = 0. Let z = x - -63. Suppose -z*q - 243 = -2*b + 3*q, -339 = -3*b - q. What is the units digit of b?
4
Let c(i) = -3*i**3 - 10*i**2 + 2*i. Suppose -292*b = -289*b + 21. What is the tens digit of c(b)?
2
Let f = -47483 + 80780. What is the thousands digit of f?
3
Suppose o + 0*o + f = -720, 5*o = 4*f - 3600. Let v = -198 - o. What is the tens digit of v?
2
Let q(v) = -2*v**2 - 10*v + 18. Let b be q(-9). Let c = b - -57. What is the units digit of (1/c)/((-1)/(-339))?
3
Let c(z) = -10*z - 6. Let y be c(-1). Suppose -y*p - 1 = 1019. What is the units digit of -1 + (-53)/(-5) + 153/p?
9
Suppose 0 = -3*u - 4*u - 7. What is the units digit of (((-199)/(-4))/1)/(u/(-32))?
2
Let b = 3755 + 32499. What is the tens digit of b?
5
Suppose -1291*a = -1297*a + 81354. What is the tens digit of a?
5
Let m = -13332 + 31900. What is the thousands digit of m?
8
Suppose -7 = -s, -2*x + 18*s + 107617 = 13*s. What is the tens digit of x?
2
Let x be (45 + -45)/(0 + 3 - 1). Suppose w - 485 = -x*z + 5*z, 2*w + 5*z = 925. Let d = -273 + w. What is the units digit of d?
7
Let i = -61 - -408. Let z = -236 + i. What is the hundreds digit of z?
1
Suppose -12*v + 2936 = -8188. Let a = v + -150. What is the hundreds digit of a?
7
Let g = -42 + -30. Let v(u) = 80*u - 1. Let r be v(3). Let l = r + g. What is the units digit of l?
7
Suppose -o = -2*o + 2, -5*o + 20 = 2*y. Let h be -3 - (-204)/33 - 62/341. Suppose 426 = 5*w - x, -y*x = h*w - 125 - 125. What is the units digit of w?
5
Suppose -5*c = 2*z - 6*z + 120, 3*z + 5*c = 55. Let d(m) = -m**3 + 28*m**2 - 65*m - 20. What is the tens digit of d(z)?
3
Let t(r) = -3*r**3 + r**2 + r - 1. Let l be t(-1). Let n(q) = q**3 + q**2 - 4*q - 1. Let x be n(l). What is the units digit of 138/((-4)/(-2) - (x + -2))?
8
Let b be (-70)/(-14) + 2 + -2. Suppose 2612 = b*h - 3*h - 3*a, -5*h + 6551 = 3*a. What is the thousands digit of h?
1
Suppose -56308 = -16*m + 31282 + 194234. What is the ten thousands digit of m?
1
Let w = 22 - -8. Suppose -25*t = -w*t - 30. Let f = 12 + t. What is the units digit of f?
6
Let o(i) = 723*i**2 + 5*i + 2. What is the tens digit of o(1)?
3
Let v(h) = h - 32. Let k be v(5). Let r(s) = s**3 + 25*s**2 - 39*s - 32. Let n be r(k). What is the hundreds digit of (n/(-69))/(2/36)?
1
Let d be ((-7)/(-7))/(960/(-957) + 1). Let n = d + 594. What is the hundreds digit of n?
2
What is the tens digit of 65132136/2346 + (-2)/34?
6
Let z(w) = -2*w**3 + 59*w**2 + 9*w - 42. Let r be z(24). Suppose 15*j = r - 330. What is the tens digit of j?
1
Suppose -134*d = -143*d - 18. What is the units digit of 24*d*9/((-216)/78)?
6
Let w(g) = -2*g**3 - 19*g**2 - 32*g - 1087. What is the units digit of w(-15)?
8
Let p be 3542/5 + 15 + (-693)/45. Let u = p - -313. What is the tens digit of u?
2
Suppose -30670 - 18695 = -15*u. What is the thousands digit of u?
3
Let c be (-6)/10 - 87/5. Let d be (-4)/(-2 + -2) - (-5 + 8). What is the hundreds digit of (-2714)/c - d/9?
1
Suppose -1285280 = -62*o - 83*o. What is the thousands digit of o?
8
Suppose 272 = 5*f - 3*v, -2*v = 2*f - 5*v - 107. Suppose 33*y = f*y - 6534. What is the tens digit of y?
9
Suppose 4*u - 5*k - 6729 = 0, 2*u + k - 841 - 2506 = 0. Let v = 2407 - u. What is the hundreds digit of v?
7
Let b(p) = 42*p + 1. Let v be b(1). Suppose -43*z = -21*z - 23*z - 3. What is the tens digit of z + 24/4 + v?
4
Suppose -3*p = -3*f - 1410, 39*f - 43*f - 1875 = -3*p. What is the tens digit of 2 + (80/25)/(-8)*f?
8
Let a(p) = -2*p - 7. Let x be a(-5). Suppose -3*v = -3*w - 6, 8 = -6*w + w + x*v. What is the units digit of -2*((-23)/2 - w)?
1
Let g be 0*3/(-9)*3. What is the hundreds digit of 661 - (-1 + g)*-4 - 4?
6
Let y = -991 + 2890. What is the hundreds digit of y?
8
Suppose 405 + 796 = h. Let u = h - 632. Suppose 3*x - u = 4*t, -3*x + 303 = t - 271. What is the units digit of x?
1
Suppose 97425 = 5*f + 2*h - 7*h, -2*f + 38988 = 4*h. What is the units digit of 6/(-39) - (f/(-91) - 1)?
5
Let y = -3646 + 2125. Let f = y - -2173. What is the units digit of f?
2
What is the units digit of -1789*(-32)/12 + (-1)/15*-20?
2
Let s(b) = -b**3 + 4*b**2 - 60*b + 4. What is the tens digit of s(-20)?
0
What is the thousands digit of (-840034)/(-182) - 20/35?
4
Suppose 5*i = 0, -20*i + 16 = 4*y - 24*i. What is the tens digit of (y/6)/(38/285) - -142?
4
Suppose 4*g = -3*r + 12825, -11*g = -10*g + 4*r - 3216. What is the tens digit of g?
0
Let v = -11 - -15. Suppose 2*l - v*n - 2 = 0, 3*l - 2*n + 0*n - 3 = 0. Suppose -3*i - 8 = l, i = 4*s - 79. What is the units digit of s?
9
Suppose 0 = -429*z + 437*z - 83560. Suppose 16*i - 5155 = z. What is the tens digit of i?
7
Suppose -4*k - 3*r = -7632, 5*k - 2*r = 2*r + 9571. Let w = 2701 - k. Suppose 4*g - w = -g. What is the units digit of g?
8
Suppose -10 = 8*h - 18. What is the units digit of 4*1/h - (-61824)/64?
0
Let c = -100 - -186. Suppose -c*u - 772 = -88*u. What is the tens digit of u?
8
Suppose 36*i = 65*i - 122554. What is the hundreds digit of i?
2
Let p(i) = 928*i - 841. What is the thousands digit of p(12)?
0
Suppose 5*i = -4*u, 4*i - 4*u = -2*u. Suppose -3*p + 229 = -i*p + 4*z, 4*p = -5*z + 307. What is the tens digit of p?
8
Suppose 13*u + 5 = 14*u. Suppose -4*s + 654 = -4*z - 390, 2*s + u*z - 487 = 0. What is the hundreds digit of s?
2
Let f = 54 - -26. Suppose -2*o + f + 290 = 0. Suppose 139 + o = 3*d. What is the units digit of d?
8
What is the units digit of (-20)/290 + (-2628280)/(-145)?
6
Suppose -20*v = -19*v + y - 1993, 3*y = v - 1993. What is the units digit of v?
3
Suppose 0 = 5*q - 474 + 174. Let x be (14/(-6))/((-5)/q). Let h = 49 - x. What is the units digit of h?
1
Let y = 1311 - 763. Suppose -3*p + 1057 = -4*r - 1145, r - 2*p + y = 0. Let j = -336 - r. What is the units digit of j?
6
Suppose -102 = 4*z - h + 8, 0 = -z + 3*h - 33. Let r(t) = -6*t - 10. Let y be r(4). Let c = z - y. What is the units digit of c?
7
Let p be 9/((-63)/(-203)) - 9. Suppose 3 = 3*c - 3. Suppose -c*y - 5*n + 144 = -370, 0 = -5*n + p. What is the units digit of y?
7
Let d(v) = 7*v**3 - 16*v**2 - 20*v - 32. Let n(q) = -6*q**3 + 16*q**2 + 19*q + 33. Let k(s) = -5*d(s) - 6*n(s). What is the units digit of k(17)?
3
Let b = -20 + 31. Let g be 2/(-8) + ((-143)/(-4))/b. Suppose 4*p + 318 = -0*a + 5*a, g*p + 57 = a. What is the tens digit of a?
6
Let x(v) = 9*v + 2. Let i = 119 + -65. Let y = 58 - i. What is the units digit of x(y)?
8
Suppose 6*d + 4*n - 18540 = 2*d, -4*d + 18535 = 5*n. What is the thousands digit of d?
4
Suppose -36*c + 36560 = -15*c - 5*c. What is the units digit of c?
5
Let p(n) = -n**3 - 4*n**2 - 5*n - 4. Let q be p(-3). Suppose -200 - 204 = -q*m. What is the units digit of (6 - (-6)/(-2)) + m?
5
Let l(r) = r**3 - r. Let t(i) = 5*i**3 + 4*i**2 - 6*i - 4. Let k(h) = -2*l(h) - t(h). What is the hundreds digit of k(-4)?
3
Let q be -1 + 3 - (3 + (-22 - 1)). Let t(c) = -2*c**2 + 66*c - 4. What is the tens digit of t(q)?
8
Let h(v) be the second derivative of -v**4/12 + 4*v**3/3 - 11*v**2/2 - 29*v. Let s be h(4). What is the units digit of (2/s)/(1/5)?
2
Let v be 36/27*((-63)/(-2))/(-3). Let o be ((-58)/1)/(v/21). Suppose -5*m - 183 = -2*j, -m + o = j + m. What is the tens digit of j?
8
Suppose 0 = 2*j - 4*f - 5772, -j + 2623 + 265 = -4*f. What is the units digit of j?
4
Let a = 158 - 154. Suppose -a*j - 641 = -3*s + 378, -5*s + 1691 = -3*j. What is the hundreds digit of s?
3
Let o be 2/5 + 302